21?
21
What is the greatest common factor of 26 and 299?
13
What is the greatest common divisor of 50 and 225?
25
What is the greatest common factor of 240 and 100?
20
What is the highest common factor of 1225 and 539?
49
Calculate the highest common factor of 8 and 60.
4
Calculate the highest common divisor of 24 and 294.
6
What is the greatest common factor of 169 and 13?
13
What is the highest common factor of 216 and 1548?
36
What is the greatest common factor of 10766 and 14?
14
Calculate the greatest common factor of 1295 and 70.
35
What is the greatest common divisor of 476 and 1071?
119
Calculate the highest common factor of 448 and 256.
64
What is the greatest common factor of 10 and 1685?
5
What is the greatest common factor of 3425 and 100?
25
Calculate the highest common factor of 6810 and 90.
30
What is the greatest common divisor of 333 and 927?
9
What is the greatest common divisor of 132 and 96?
12
What is the greatest common divisor of 9 and 471?
3
Calculate the greatest common divisor of 652 and 132.
4
What is the highest common divisor of 82 and 697?
41
What is the highest common divisor of 696 and 48?
24
Calculate the greatest common factor of 1426 and 253.
23
Calculate the greatest common factor of 550 and 15675.
275
What is the highest common divisor of 21 and 336?
21
What is the highest common divisor of 7707 and 63?
21
What is the highest common divisor of 2415 and 20?
5
Calculate the greatest common divisor of 3397 and 43.
43
Calculate the highest common divisor of 72 and 324.
36
Calculate the greatest common divisor of 21337 and 19.
19
What is the greatest common factor of 29 and 8903?
29
Calculate the greatest common divisor of 12 and 4848.
12
Calculate the highest common divisor of 38 and 342.
38
Calculate the highest common factor of 6960 and 58.
58
What is the highest common factor of 147 and 63?
21
Calculate the highest common divisor of 16 and 144.
16
Calculate the highest common divisor of 1015 and 870.
145
Calculate the greatest common factor of 24 and 14856.
24
What is the highest common factor of 4464 and 432?
144
What is the greatest common divisor of 695 and 80?
5
Calculate the highest common factor of 37 and 2923.
37
Calculate the highest common factor of 13 and 117.
13
Calculate the greatest common divisor of 3018 and 12.
6
What is the highest common factor of 735 and 1050?
105
Calculate the greatest common factor of 88 and 7766.
22
What is the highest common divisor of 4191 and 254?
127
What is the greatest common factor of 27 and 3375?
27
Calculate the greatest common divisor of 1037 and 17.
17
What is the highest common factor of 3978 and 13?
13
Calculate the highest common factor of 17593 and 146.
73
Calculate the highest common divisor of 1102 and 754.
58
What is the greatest common divisor of 35496 and 58?
58
Calculate the greatest common divisor of 3 and 999.
3
What is the highest common divisor of 407 and 148?
37
Calculate the greatest common divisor of 138 and 1058.
46
What is the highest common divisor of 630 and 12726?
126
Calculate the highest common divisor of 2320 and 435.
145
What is the highest common divisor of 451 and 2624?
41
What is the greatest common divisor of 2936 and 8?
8
Calculate the highest common divisor of 39 and 741.
39
Calculate the greatest common factor of 1888 and 48.
16
Calculate the greatest common divisor of 2313 and 6682.
257
Calculate the greatest common factor of 554 and 13019.
277
What is the greatest common divisor of 23634 and 468?
234
What is the highest common factor of 2405 and 130?
65
What is the highest common factor of 319 and 290?
29
What is the greatest common factor of 1395 and 2475?
45
What is the highest common divisor of 5885 and 11?
11
Calculate the greatest common factor of 156 and 3666.
78
What is the highest common factor of 5 and 365?
5
What is the greatest common factor of 20678 and 28?
14
What is the greatest common factor of 3601 and 26?
13
What is the greatest common factor of 34 and 1666?
34
What is the greatest common factor of 164 and 123?
41
Calculate the highest common divisor of 48 and 25040.
16
Calculate the greatest common factor of 38961 and 333.
333
What is the highest common factor of 8 and 284?
4
What is the highest common divisor of 885 and 1?
1
Calculate the greatest common divisor of 30 and 1590.
30
Calculate the highest common factor of 2 and 173.
1
What is the highest common factor of 9704 and 8?
8
What is the greatest common divisor of 90 and 720?
90
What is the greatest common divisor of 1564 and 612?
68
Calculate the greatest common divisor of 1359 and 9.
9
Calculate the highest common divisor of 384 and 28608.
192
Calculate the greatest common factor of 8829 and 81.
81
Calculate the highest common divisor of 40 and 100.
20
What is the highest common factor of 840 and 36?
12
Calculate the greatest common factor of 69 and 506.
23
Calculate the highest common divisor of 161 and 414.
23
What is the highest common divisor of 50 and 240?
10
What is the highest common factor of 86 and 16082?
86
Calculate the greatest common divisor of 735 and 150.
15
Calculate the greatest common factor of 1484 and 70.
14
What is the greatest common divisor of 52 and 716?
4
Calculate the greatest common divisor of 77 and 385.
77
What is the highest common factor of 287 and 123?
41
What is the highest common factor of 6420 and 60?
60
Calculate the highest common divisor of 30 and 114.
6
What is the highest common divisor of 240 and 540?
60
What is the greatest common divisor of 432 and 456?
24
Calculate the greatest common factor of 60 and 195.
15
Calculate the highest common factor of 77 and 21.
7
What is the greatest common factor of 444 and 555?
111
What is the greatest common factor of 46 and 4?
2
What is the highest common divisor of 237 and 2923?
79
Calculate the highest common divisor of 22 and 374.
22
Calculate the highest common divisor of 18 and 5274.
18
What is the greatest common divisor of 1590 and 210?
30
What is the greatest common factor of 14 and 32?
2
What is the greatest common factor of 8 and 216?
8
Calculate the greatest common divisor of 1108 and 4.
4
Calculate the highest common divisor of 20 and 96.
4
What is the highest common divisor of 152 and 18468?
76
What is the highest common factor of 7 and 14203?
7
Calculate the highest common divisor of 108 and 6.
6
What is the greatest common divisor of 15 and 3675?
15
Calculate the highest common factor of 3670 and 10.
10
What is the highest common divisor of 5660 and 20?
20
What is the greatest common factor of 9828 and 84?
84
Calculate the greatest common divisor of 920 and 20.
20
Calculate the highest common factor of 34 and 782.
34
What is the highest common factor of 53 and 212?
53
What is the greatest common factor of 176 and 2288?
176
Calculate the highest common factor of 575 and 25.
25
What is the greatest common factor of 1406 and 111?
37
Calculate the greatest common divisor of 104 and 91.
13
Calculate the highest common divisor of 57 and 19.
19
Calculate the greatest common divisor of 16 and 1168.
16
Calculate the highest common factor of 185 and 111.
37
What is the greatest common divisor of 2466 and 648?
18
What is the highest common factor of 61 and 122?
61
Calculate the highest common divisor of 4 and 26.
2
Calculate the greatest common divisor of 2449 and 155.
31
Calculate the highest common factor of 485 and 5.
5
What is the highest common divisor of 952 and 28?
28
What is the highest common divisor of 176 and 46552?
88
Calculate the highest common factor of 2172 and 2534.
362
Calculate the highest common divisor of 14123 and 58.
29
Calculate the greatest common factor of 24 and 18.
6
Calculate the highest common divisor of 594 and 450.
18
What is the greatest common divisor of 40 and 190?
10
Calculate the greatest common factor of 15 and 15.
15
Calculate the greatest common divisor of 1365 and 39.
39
Calculate the highest common factor of 310 and 248.
62
Calculate the greatest common divisor of 105 and 315.
105
What is the highest common factor of 88 and 104?
8
Calculate the greatest common divisor of 50 and 40.
10
What is the highest common factor of 203 and 490?
7
What is the highest common divisor of 124 and 14694?
62
Calculate the greatest common f